{"id":1514,"date":"2024-12-19T15:13:54","date_gmt":"2024-12-19T14:13:54","guid":{"rendered":"https:\/\/doblewg.com\/site\/?page_id=1514"},"modified":"2024-12-19T15:13:55","modified_gmt":"2024-12-19T14:13:55","slug":"compliance","status":"publish","type":"page","link":"https:\/\/doblewg.com\/site\/compliance\/","title":{"rendered":"Compliance"},"content":{"rendered":"\n<p>Asesor\u00eda en cumplimiento normativo (Compliance), incluyendo la implementaci\u00f3n de pol\u00edticas y procedimientos para garantizar la adherencia a las leyes y regulaciones aplicables, as\u00ed como la prevenci\u00f3n de riesgos legales y financieros.<\/p>\n","protected":false},"excerpt":{"rendered":"<p>Asesor\u00eda en cumplimiento normativo (Compliance), incluyendo la implementaci\u00f3n de pol\u00edticas y procedimientos para garantizar la adherencia a las leyes y regulaciones aplicables, as\u00ed como la prevenci\u00f3n de riesgos legales y &#8230;<\/p>\n","protected":false},"author":1,"featured_media":0,"parent":0,"menu_order":0,"comment_status":"closed","ping_status":"closed","template":"","meta":{"footnotes":""},"class_list":["post-1514","page","type-page","status-publish","hentry"],"_links":{"self":[{"href":"https:\/\/doblewg.com\/site\/wp-json\/wp\/v2\/pages\/1514","targetHints":{"allow":["GET"]}}],"collection":[{"href":"https:\/\/doblewg.com\/site\/wp-json\/wp\/v2\/pages"}],"about":[{"href":"https:\/\/doblewg.com\/site\/wp-json\/wp\/v2\/types\/page"}],"author":[{"embeddable":true,"href":"https:\/\/doblewg.com\/site\/wp-json\/wp\/v2\/users\/1"}],"replies":[{"embeddable":true,"href":"https:\/\/doblewg.com\/site\/wp-json\/wp\/v2\/comments?post=1514"}],"version-history":[{"count":1,"href":"https:\/\/doblewg.com\/site\/wp-json\/wp\/v2\/pages\/1514\/revisions"}],"predecessor-version":[{"id":1515,"href":"https:\/\/doblewg.com\/site\/wp-json\/wp\/v2\/pages\/1514\/revisions\/1515"}],"wp:attachment":[{"href":"https:\/\/doblewg.com\/site\/wp-json\/wp\/v2\/media?parent=1514"}],"curies":[{"name":"wp","href":"https:\/\/api.w.org\/{rel}","templated":true}]}}